s c(-2)?
-13
Let r(v) = -v**3 + 6*v**2 - v - 2. What is r(6)?
-8
Let a(q) = q**2 + 17*q - 10. Give a(-18).
8
Let y(s) = s**2 - 10*s + 4. What is y(9)?
-5
Let t(w) = 13*w - 42. Give t(4).
10
Let b(y) = -y**2 + 32*y - 38. Give b(31).
-7
Let g(r) = -r**3 - 6*r**2 - 4*r + 8. Give g(-3).
-7
Let y(s) = -s**3 - 5*s + 1. Calculate y(-4).
85
Let y(v) = v + 42. Calculate y(-13).
29
Let t(q) = -q**2 + 19*q + 56. Determine t(-3).
-10
Let b(c) = -c**3 + 6*c**2 - 2*c + 5. Give b(4).
29
Let z(h) = -h**3 - 25*h**2 - 22*h + 22. What is z(-24)?
-26
Let d(m) = m**2 + 29*m - 713. Determine d(16).
7
Let r(v) = -2*v**2 - 11*v - 6. What is r(-5)?
-1
Let f(w) = -w**3 + 7*w**2 - w + 6. Determine f(7).
-1
Let z(w) = w**3 + 7*w**2 + 2*w + 3. Give z(-7).
-11
Let h(j) = -j**3 + 8*j**2 + 2*j + 1. Determine h(8).
17
Let g(c) = c**3 - 14*c**2 + 23*c + 16. Determine g(12).
4
Let d(v) = -v**3 - 21*v**2 - 21*v - 11. Determine d(-20).
9
Let k(o) = -7*o + 130. Give k(17).
11
Let m(v) = -37*v. Calculate m(-1).
37
Let h(a) = -a**2 - 5*a + 23. Calculate h(-7).
9
Let s(c) = -c**2 - 26*c + 70. Give s(-28).
14
Let t(z) = z + 24. Calculate t(-21).
3
Let w(c) = -c**3 - 29*c**2 - 23*c + 164. Determine w(-28).
24
Let r(a) = 16*a**2 - 2*a - 1. Calculate r(-1).
17
Let t(h) = h**2 - 2*h - 1. Give t(-1).
2
Let r(z) = -2*z**3 - 2*z**2 + 5*z - 3. Determine r(1).
-2
Let q(b) = -160*b**2 - b. Calculate q(1).
-161
Let j(l) = l**2 - 4*l + 7. What is j(3)?
4
Let w(c) = -7*c + 70. What is w(9)?
7
Let h(r) = r**3 + 7*r**2 + 5*r - 9. Determine h(-6).
-3
Let i(c) = -c**2 + 23*c - 63. Give i(20).
-3
Let w(k) = 52*k**2 + 2*k + 1. Calculate w(-1).
51
Let a(m) = -7*m**2 - m + 1. What is a(1)?
-7
Let p(d) = 2*d**2 + 15*d - 15. What is p(1)?
2
Let c(x) = -5*x + 31. Give c(5).
6
Let k(f) = -20*f**2 + 3*f + 3. What is k(-1)?
-20
Let c(n) = -13*n + 39. Give c(-6).
117
Let l(f) = 3*f + 63. Calculate l(-28).
-21
Let r(d) = -d - 8. What is r(-4)?
-4
Let z(h) = 4*h**2 - 8*h - 9. Give z(-1).
3
Let c(z) = z**3 - 6*z**2 + z - 3. Give c(4).
-31
Let v(h) = -h + 6. Give v(5).
1
Let i(k) = -k**3 - 5*k**2 + k - 4. Give i(-5).
-9
Let v(k) = -k**3 + 20*k**2 - 3*k + 45. Give v(20).
-15
Let i(z) = 15*z + 4. Give i(-1).
-11
Let y(c) = c**3 - 7*c - 7. Give y(-2).
-1
Let c(h) = 12*h**2 - 12*h - 6. What is c(3)?
66
Let j(i) = -12*i - 13. What is j(-2)?
11
Let s(h) = -3*h**2 - 74*h + 22. Calculate s(-25).
-3
Let j(w) = w**3 + 10*w**2 - 26*w - 18. Calculate j(-12).
6
Let r(n) = n**3 - 4*n**2 + 6*n - 2. Determine r(4).
22
Let j(p) = 4*p**2 + 14*p - 13. Calculate j(1).
5
Let q(o) = o**2 + 4*o - 12. What is q(-7)?
9
Let v(o) = -o**2 + 10*o - 13. Determine v(3).
8
Let q(l) = -l**2 - 11*l - 11. Determine q(-12).
-23
Let k(m) = m**3 + m**2 - 18*m - 8. Calculate k(-4).
16
Let i(j) = -j**2 - 8*j - 3. Give i(-8).
-3
Let d(r) = -r**2 - 29*r - 78. Calculate d(-26).
0
Let p(h) = -h**2 + 21*h - 67. Determine p(4).
1
Let a(f) = -f**3 + 4*f**2 + 5*f. Determine a(5).
0
Let k(h) = h**2 - 4*h - 1. Give k(7).
20
Let f(a) = a**2 + 9*a + 1. What is f(-6)?
-17
Let n(b) = b**2 + 15*b - 31. What is n(-17)?
3
Let l(q) = -12*q - 1. Determine l(-2).
23
Let o(l) = -l**2 - 19*l + 13. Give o(-20).
-7
Let q(z) = -z**3 + 11*z - 4. What is q(5)?
-74
Let k(m) = 13*m**2 + 6*m + 2. What is k(-1)?
9
Let m(s) = s**3 + 8*s**2 + 9*s + 9. Give m(-7).
-5
Let c(v) = -v**2 - 30*v - 114. What is c(-4)?
-10
Let l(p) = -p + 14. What is l(-4)?
18
Let k(p) = -21*p**3 - 2*p - 1. Calculate k(-1).
22
Let r(c) = c**2 - 23*c - 219. Give r(30).
-9
Let w(r) = -r**2 - 2*r + 5. Determine w(-6).
-19
Let p(x) = x**3 - 7*x**2 + 9*x - 10. Determine p(6).
8
Let c(q) = q**3 + 7*q**2 + 10*q - 3. What is c(-5)?
-3
Let g(v) = -v**2 + 17*v - 27. What is g(14)?
15
Let v(d) = 3*d**2 - 122*d - 33. Give v(41).
8
Let h(i) = -8*i + 2. Give h(4).
-30
Let w(r) = r**2 + 7*r - 26. Determine w(-9).
-8
Let f(j) = 3*j**3 - 39*j**2 - 7*j + 94. Calculate f(13).
3
Let r(g) = -7*g**2 + 7*g. Give r(2).
-14
Let y(i) = -37*i**2 - 1. What is y(2)?
-149
Let k(n) = n**3 + 9*n**2 + 4*n + 16. Give k(-9).
-20
Let i(y) = -y + 13. Give i(7).
6
Let r(q) = q**2 - 5*q + 15. Give r(9).
51
Let z(w) = -w**2 - 3*w + 32. Calculate z(5).
-8
Let g(l) = 3*l - 20. Give g(10).
10
Let s(c) = -c**2 + 34*c + 99. Give s(36).
27
Let k(v) = -v**3 + 4*v**2 - 6*v + 1. What is k(5)?
-54
Let x(r) = -r**3 + 9*r**2 - 8*r - 5. Calculate x(7).
37
Let q(x) = x**2 - 9*x - 3. Calculate q(10).
7
Let t(z) = z - 20. Calculate t(-3).
-23
Let z(m) = -6*m**3. What is z(1)?
-6
Let i(x) = x + 5. Calculate i(-2).
3
Let l(f) = 4*f + 2. Determine l(1).
6
Let f(t) = -2*t**2 + 4*t + 3. Calculate f(4).
-13
Let r(p) = -3*p**2 - 13*p + 10. Determine r(-5).
0
Let d(p) = -2*p + 30. What is d(8)?
14
Let s(b) = 2*b**2 - 5*b - 2. Calculate s(-4).
50
Let z(l) = 4*l - 14. Calculate z(9).
22
Let n(v) = v**2 - 8*v + 9. Give n(6).
-3
Let r(t) = -t**3 - 8*t**2 + 2*t - 1. Determine r(-8).
-17
Let h(k) = 3*k**2 + 14*k + 2. Determine h(-3).
-13
Let n(s) = s**3 - 10*s**2 - 5*s + 51. Calculate n(10).
1
Let d(y) = 2*y**2 + 13*y - 2. Give d(-3).
-23
Let a(y) = 24*y + 5. Determine a(-5).
-115
Let j(r) = -r**2 + 10*r + 2. What is j(8)?
18
Let y(g) = -16*g**2 + 145*g - 7. Give y(9).
2
Let s(q) = -q**3 + 17*q + 1. What is s(4)?
5
Let i(v) = v**3 + 8*v**2 + v - 40. Calculate i(-7).
2
Let f(a) = -10*a - 13. Determine f(-13).
117
Let j(l) = -l - 7. Give j(14).
-21
Let h(v) = 21*v - 246. Give h(12).
6
Let n(r) = r**3 - 8*r**2 + 2*r + 31. What is n(7)?
-4
Let k(m) = -m + 7. Calculate k(6).
1
Let y(i) = i**3 + 12*i**2 - 9*i - 23. Give y(-13).
-75
Let w(n) = -n**3 + 5*n**2 + 4*n - 12. Calculate w(5).
8
Let x(s) = -s**2 - 7*s + 1. Calculate x(-6).
7
Let u(d) = 3*d**2 + 4*d - 12. Determine u(-5).
43
Let t(b) = b**2 - 4*b + 10. Calculate t(-5).
55
Let f(h) = -h**2 - 24*h + 3. Calculate f(-24).
3
Let x(m) = -m**3 + 11*m**2 - 10*m - 22. Give x(10).
-22
Let n(q) = q + 8. Give n(-2).
6
Let i(x) = -16*x + 39. Calculate i(2).
7
Let a(f) = -f + 9. Calculate a(2).
7
Let i(r) = -r**3 + 8*r**2 + 8*r + 9. Give i(9).
0
Let z(h) = -h**3 + 3*h**2 + 29*h + 5. Give z(7).
12
Let l(s) = -s**3 - 2*s - 23. Determine l(0).
-23
Let k(p) = -4*p - 4. What is k(4)?
-20
Let n(p) = -p**3 + 17*p**2 - 19*p + 4. Determine n(16).
-44
Let n(f) = f**2 - 6*f - 3. Give n(-5).
52
Let z(h) = h - 36. Calculate z(21).
-15
Let x(r) = 2*r**2 - 22*r - 26. Calculate x(11).
-26
Let m(r) = -r**3 + 4*r**2 + 2*r + 4. Give m(5).
-11
Let j(h) = -h**3 - 10*h**2 - 22*h - 17. Determine j(-8).
31
Let w(y) = -13*y - 9. Calculate w(11).
-152
Let k(l) = l**3 + 11*l**2 - 12*l + 3. Give k(-12).
3
Let r(q) = q**3 + 5*q**2 + q + 20. Calculate r(-6).
-22
Let s(v) = v**2 + 51*v + 320. Calculate s(-43).
-24
Let r(j) = -7*j**2 - 47*j + 7. Calculate r(-7).
-7
Let g(f) = -f**3 - 6*f**2 - 7*f + 1. Give g(-5).
11
Let g(k) = -k**3 - 17*k**2 + 17*k + 4. Give g(-18).
22
Let k(o) = -7*o + 4. What is k(5)?
-31
Let z(a) = -2*a + 16. Determine z(12).
-8
Let n(t) = 11*t - 146. Determine n(14).
8
Let q(z) = -6*z**2 - 24*z - 2. Determine q(-6).
-74
Let q(w) = -w**3 + 35*w**2 + 109*w + 198. Give q(38).
8
Let m(z) = -z**3 - 11*z**2 - 6*z - 61. Give m(-11).
5
Let k(p) = -5*p - 3. Give k(-1).
2
Let w(f) = f**3 - 4*f**2 - 65*f + 43. Determine w(10).
-7
Let t(a) = a**2 - 18*a + 1. Calculate t(3).
-44
Let w(o) = o**3 + 19*o**2 + 30*o - 49. Give w(-17).
19
Let c(j) = -3*j**3 - 18*j**2 - 9*j + 3. What is c(-6)?
57
Let v(h) = h + 6. Give v(-5).
1
Let i(m) = -m**2 - 10*m + 13. Determine i(-11).
2
Let b(l) = l**2 - 37*l + 289. Calculate b(25).
-11
Let o(x) = -5*x**2 + 2*x + 2. Give o(-1).
-5
Let k(w) = w**3 - 5*w**2 + w - 2. Determine k(6).
40
Let w(x) = -x**2 - 28*x - 83. Give w(-25).
-8
Let c(k) = 3*k - 7. Give c(7).
14
Let z(s) = s**3 + 3*s**2 - 4*s - 3. Calculate z(-5).
-33
Let p(v) = -2*v + 2. Determine p(0).
2
Let l(p) = p**2 - 12*p + 5. What is l(11)?
-6
Let r(o) = -o**2 + 55*o - 284. What is r(6)?
10
Let o(j) = j - 43. Determine o(44).
1
Let f(d) = -7*d + 3. What is f(3)?
-18
Let v(b) = 20*b - 36. What is v(2)?
4
Let w(u) = -15*u**3 - 2*u**2 + 1. Calculate w(1).
-16
Let f(d) = 2*d**2 - 3*d - 7. What is f(-5)?
58
Let q(n) = -2*n**2 - 3*n - 10. Give q(-4).
-30
Let u(t) = -t**3 + 2*t**2 + 9*t - 6. Calculate u(4).
-2
Let p(w) = 37*w + 21. What is p(-3)?
-90
Let i(r) = -r**2 - 23*r - 4